alculate d(8).
-65
Let a(w) = w**3 - 12*w**2 - 13*w. What is a(13)?
0
Let a(c) = -7*c - 1. Give a(-3).
20
Let x(g) = -11*g - 1. Give x(1).
-12
Let f(z) = -z**3 + 9*z**2 - 9*z - 5. Determine f(8).
-13
Let v(f) = -2*f + 23. Give v(14).
-5
Let i(f) = f**3 + 6*f**2 + 2*f. Calculate i(-5).
15
Let i(h) = -9*h - 42. What is i(-5)?
3
Let d(h) = 3*h**2 + 16*h + 29. What is d(-5)?
24
Let z(k) = -12*k + 122. Give z(11).
-10
Let a(y) = 2*y**2 - 2*y - 5. Determine a(-2).
7
Let m(b) = b**3 + 14*b**2 - 27*b + 35. Give m(-16).
-45
Let b(z) = z**3 + 24*z**2 + 20*z - 31. Calculate b(-23).
38
Let j(t) = -t**2 - 15*t - 13. Determine j(-15).
-13
Let y(m) = -2*m**3 + 9*m**2 + 3*m - 1. Calculate y(5).
-11
Let x(c) = -2*c**3 + 6*c**2 - 13*c - 3. Give x(2).
-21
Let c(x) = x**3 + 13*x**2 + 12*x - 27. Calculate c(-12).
-27
Let b(f) = -2*f**3 + 17*f**2 + 10*f + 9. Give b(9).
18
Let l(i) = -i**3 - 5*i**2 - 1. Determine l(-6).
35
Let g(n) = -2*n**2 - 64*n + 68. Determine g(-33).
2
Let v(q) = q**2 - 2*q - 13. What is v(6)?
11
Let v(r) = -5*r - 4. Give v(-7).
31
Let a(x) = x - 39. Determine a(18).
-21
Let i(j) = -j**2 - 9*j + 2. Calculate i(-9).
2
Let c(l) = -12*l**2 + l - 1. Determine c(1).
-12
Let x(a) = a**2 + 6*a - 28. Calculate x(-9).
-1
Let u(m) = 5*m + 88. What is u(-21)?
-17
Let u(c) = -10*c - 48. What is u(9)?
-138
Let x(r) = 6*r + 33. Give x(-6).
-3
Let l(z) = 2*z + 20. What is l(-11)?
-2
Let y(a) = -8*a - 10. Determine y(0).
-10
Let u(c) = -c**3 + 34*c**2 - 35*c + 61. What is u(33)?
-5
Let h(m) = 7*m + 48. Calculate h(-10).
-22
Let p(q) = -q**3 + 26*q**2 - 25*q + 1. Calculate p(25).
1
Let u(y) = -2*y**3 + 31*y**2 - 13*y - 35. What is u(15)?
-5
Let y(u) = 9*u**2 - 2*u - 3. What is y(-1)?
8
Let l(g) = g**2 + 12*g + 24. What is l(-12)?
24
Let r(v) = 2*v**2 + 38*v - 4. What is r(-19)?
-4
Let v(u) = 2*u**2 - 15*u + 24. Determine v(2).
2
Let q(j) = -6*j**2 - 127*j - 26. What is q(-21)?
-5
Let m(u) = 2*u**2 + 34*u + 100. Calculate m(-4).
-4
Let l(g) = g**3 - 3*g**2 - g - 3. Calculate l(3).
-6
Let y(q) = q**2 - 15*q - 44. What is y(18)?
10
Let w(g) = 2*g**2 - 66*g + 232. Calculate w(29).
0
Let v(w) = 12*w - 81. Determine v(7).
3
Let a(r) = 3*r**2 - 13*r + 2. Determine a(6).
32
Let f(p) = p**3 - 3*p**2 + 4*p - 11. Give f(4).
21
Let t(h) = 2*h**2 + 18*h + 36. Calculate t(-6).
0
Let x(p) = -8*p**3 + 2*p**2 - 4*p + 4. Give x(2).
-60
Let v(k) = 8*k + 27. Give v(-5).
-13
Let i(l) = -207*l - 615. Calculate i(-3).
6
Let k(l) = -l**3 + 4*l**2 + 6. What is k(5)?
-19
Let z(k) = 5*k**2 + 14*k + 3. Calculate z(-3).
6
Let k(r) = r**3 + 8*r**2 + 11*r - 9. Determine k(-6).
-3
Let z(b) = b**2 - 2*b - 2. Determine z(4).
6
Let o(l) = -20*l + 49. Give o(3).
-11
Let j(n) = -7*n. Calculate j(1).
-7
Let i(l) = l + 1. Give i(-6).
-5
Let n(b) = 9*b - 157. Give n(19).
14
Let h(u) = -u**3 + 29*u**2 - 32*u + 116. Determine h(28).
4
Let a(w) = -w + 47. Determine a(11).
36
Let x(d) = -9*d**2 - 11*d - 4. What is x(-3)?
-52
Let s(t) = 8*t + 213. Give s(-28).
-11
Let m(l) = -l - 10. Determine m(-10).
0
Let n(y) = -43*y**2 - y. Determine n(-1).
-42
Let d(i) = -i - 1. Calculate d(-15).
14
Let i(h) = h**3 + 14*h**2 + h + 6. Calculate i(-14).
-8
Let w(a) = 2*a**3 - 2*a**2 - a - 3. Give w(2).
3
Let g(p) = 2*p + 19. Calculate g(-5).
9
Let v(z) = z**3 - 4*z - 9. Determine v(0).
-9
Let g(a) = -a**3 - 25*a**2 + 53*a - 22. Calculate g(-27).
5
Let r(f) = -f**3 + 7*f**2 - 2*f + 16. Determine r(7).
2
Let a(t) = t**3 - 5*t**2 + 9*t - 5. What is a(4)?
15
Let u(d) = -d**2 - 6. Determine u(0).
-6
Let v(r) = 14*r + 2. Give v(0).
2
Let m(h) = 3*h + 25. What is m(-7)?
4
Let u(b) = 3*b**3 + 4*b**2 + 4*b + 3. Calculate u(-2).
-13
Let g(k) = -4*k**2 + k + 3. Calculate g(2).
-11
Let s(h) = -h**2 + 29*h + 3. What is s(26)?
81
Let f(c) = c**2 - 10*c - 2. Give f(8).
-18
Let h(m) = -m**3 - m - 6. Determine h(-2).
4
Let m(v) = -2*v + 9. Determine m(18).
-27
Let z(l) = 13*l + 130. Calculate z(-9).
13
Let d(r) = r**2 - 7*r + 10. Determine d(3).
-2
Let f(s) = -12*s**2. Calculate f(1).
-12
Let h(b) = -b**3 - 4*b**2 - 4*b + 2. What is h(-2)?
2
Let s(y) = -9*y**3 + 3*y**2 - y - 8. Calculate s(3).
-227
Let w(b) = -3*b - 7. Give w(-4).
5
Let b(h) = -2*h - 26. What is b(-10)?
-6
Let l(o) = o**2 + 4*o. Give l(-3).
-3
Let x(k) = -4*k**2 - 49*k - 13. Give x(-12).
-1
Let w(h) = -h**3 - 11*h**2 - 9*h + 5. Determine w(-10).
-5
Let i(g) = g**3 + 8*g**2 - 5*g + 17. What is i(-9)?
-19
Let i(g) = g**3 - 16*g**2 - 17*g - 1. Calculate i(17).
-1
Let s(z) = -7*z - 8. Determine s(-6).
34
Let l(h) = -2*h**3 - 4*h**2 - 7*h - 8. Calculate l(-5).
177
Let t(u) = -u**3 - 2*u**2 + 6*u - 3. Calculate t(2).
-7
Let h(u) = -5*u - 9. Determine h(3).
-24
Let u(z) = z**3 + 10*z**2 - 27*z - 21. Calculate u(-12).
15
Let p(i) = 10*i**2 - 2*i. What is p(2)?
36
Let q(v) = -v**3 + 7*v**2 + 11*v + 7. Determine q(8).
31
Let u(s) = 12*s + 62. Determine u(-7).
-22
Let y(j) = -j**2 - 15*j - 23. Give y(-12).
13
Let n(f) = f**2 - 6*f - 68. Give n(12).
4
Let w(k) = -k**2 + 6*k - 6. Give w(4).
2
Let p(h) = 3*h**2 + 115*h + 146. Give p(-37).
-2
Let w(y) = y**2 - 12*y - 31. Calculate w(-3).
14
Let i(q) = 10*q - 6. Give i(-7).
-76
Let g(b) = -42*b**2 + 2*b - 2. Determine g(1).
-42
Let v(k) = k**2 - 14*k - 16. What is v(15)?
-1
Let z(j) = -j**3 + 14*j**2 + j - 10. Determine z(14).
4
Let b(g) = -4*g**2 - 37*g - 33. Give b(-8).
7
Let z(v) = -15*v - 1. Determine z(1).
-16
Let l(s) = s**2 - s - 53. Calculate l(0).
-53
Let x(f) = -7*f**2 + 9*f - 7. Determine x(1).
-5
Let t(v) = v**2 + 10*v + 23. Determine t(-4).
-1
Let m(s) = -s**3 + 30*s**2 - 164*s + 55. What is m(23)?
-14
Let c(j) = -j**3 + 2*j**2 + 7*j - 8. Determine c(1).
0
Let h(k) = k**2 + 14*k - 1. Give h(-14).
-1
Let u(k) = -2*k**3 + 30*k**2 + 30*k + 15. Calculate u(16).
-17
Let x(s) = -s**2 + 18*s - 11. What is x(16)?
21
Let v(l) = l**2 + 6*l - 21. What is v(-9)?
6
Let z(f) = 2*f**2 - 12*f + 9. Calculate z(5).
-1
Let x(i) = 3*i**2 - 4*i - 6. Give x(-4).
58
Let m(g) = -5*g - 23. Determine m(5).
-48
Let n(a) = -a**2 + 2*a + 222. What is n(-14)?
-2
Let l(v) = v**3 - 14*v**2 - 13*v - 24. Determine l(15).
6
Let a(t) = -t**3 + 25*t**2 - 48*t - 4. Calculate a(23).
-50
Let b(s) = -s**3 - 7*s**2 + 9*s - 19. Calculate b(-8).
-27
Let u(d) = -8*d - 54. Calculate u(-8).
10
Let n(d) = -d**3 - 2*d + 5. Give n(-3).
38
Let h(c) = -12*c - 19. Give h(-8).
77
Let x(u) = -3*u**2 + 2*u + 6. Determine x(-2).
-10
Let n(d) = -d**3 - 5*d**2 + 9*d + 2. Calculate n(-6).
-16
Let r(o) = -o + 14. What is r(6)?
8
Let c(k) = k - 6. What is c(13)?
7
Let t(z) = 6*z**2 + 7*z + 7. What is t(-3)?
40
Let f(k) = 69*k - 3. What is f(-1)?
-72
Let r(v) = 5*v + 25. Give r(-6).
-5
Let d(h) = h**2 - 15*h + 56. Give d(5).
6
Let t(g) = g**3 + 2*g + 18. Calculate t(0).
18
Let r(q) = -2*q**2 - 9*q - 10. What is r(-8)?
-66
Let z(k) = 11*k + 1. What is z(1)?
12
Let h(s) = s**3 - 4*s**2 + 8*s - 8. Calculate h(2).
0
Let p(b) = 4*b**2 + 15*b + 2. Give p(-2).
-12
Let b(m) = 5*m - 44. Give b(11).
11
Let q(l) = l**3 + 7*l**2 - 5*l - 2. What is q(-8)?
-26
Let t(y) = 3*y + 36. Calculate t(-9).
9
Let s(r) = r**3 + 9*r**2 - 4*r + 18. Give s(-8).
114
Let z(w) = 2*w**2 + 7*w + 4. Determine z(-4).
8
Let v(r) = 2*r**2 + 5*r - 32. What is v(-6)?
10
Let r(h) = -3*h + 127. What is r(46)?
-11
Let l(z) = -2*z**3 - 38*z**2 + 5*z + 88. Give l(-19).
-7
Let p(v) = -v**2 + 22*v + 82. Give p(24).
34
Let n(v) = -3*v**3 + v**2 - 4. Give n(-2).
24
Let a(k) = 7*k**2 - 64*k + 14. Calculate a(9).
5
Let p(l) = 112*l - 8. Give p(1).
104
Let y(o) = -2*o**2 + 46*o + 58. Give y(24).
10
Let g(b) = b**3 - 11*b**2 + 9*b + 8. Give g(10).
-2
Let z(c) = 7*c + 11. Determine z(-4).
-17
Let m(y) = -12*y**2 - 179*y + 19. Give m(-15).
4
Let v(r) = -r - 7. Calculate v(-6).
-1
Let w(u) = -3*u. Calculate w(-9).
27
Let x(o) = 5*o**2 - 25*o + 12. Calculate x(5).
12
Let i(h) = -h**2 + 10*h + 1. What is i(7)?
22
Let u(k) = -k**2 - 9*k - 9. Calculate u(-8).
-1
Let k(f) = -f**2 + 42*f + 45. What is k(43)?
2
Let o(v) = v**3 + 2*v**2 - 4*v + 3. Calculate o(-3).
6
Let l(n) = -7*n + 110. Determine l(12).
26
Let z(y) = -7*y + 12. Give z(-3).
33
Let v(w) = 13*w**2 - 3*w + 1. Determine v(1).
11
Let r(b) = -2*b**2 + 9*b - 18. Give r(2).
-8
Let w(g) = -g**3 - 4*g**2 - g - 4. Give w(-3).
-10
Let i(k) = -k**3 + 4*k**2 + 8*k - 9. Give i(5).
6
Let 